{"id":1200,"date":"2023-07-07T11:20:25","date_gmt":"2023-07-07T09:20:25","guid":{"rendered":"http:\/\/barotropic.org\/?page_id=1200"},"modified":"2023-07-07T11:20:28","modified_gmt":"2023-07-07T09:20:28","slug":"the-ocean-race-leg-7","status":"publish","type":"page","link":"https:\/\/barotropic.fr\/index.php\/temoignages\/the-ocean-race-leg-7\/","title":{"rendered":"The Ocean Race Leg 7"},"content":{"rendered":"\n<p class=\"has-large-font-size\">Benjamin SCHWARTZ  HOLCIM PRB<\/p>\n\n\n\n<p class=\"has-medium-font-size\">\u00ab\u00a0Concernant les gribs de\u00a0courants, on a appr\u00e9ci\u00e9\u00a0la r\u00e9solution des fichiers et l&rsquo;ajustement des renverses selon les conditions de vent pr\u00e9vues. Quant\u00a0\u00e0 la lourdeur des fichiers, dans la version 64bit d&rsquo;Adrena, cela n&rsquo;a pas pos\u00e9 de probl\u00e8me.\u00a0\u00bb<\/p>\n\n\n\n<blockquote class=\"wp-block-quote is-layout-flow wp-block-quote-is-layout-flow\">\n<p><\/p>\n<\/blockquote>\n\n\n<div class=\"wp-block-image\">\n<figure class=\"aligncenter size-large\"><img loading=\"lazy\" decoding=\"async\" width=\"1024\" height=\"512\" src=\"http:\/\/barotropic.org\/wp-content\/uploads\/2023\/07\/Holcim-PRB-1024x512.jpg\" alt=\"\" class=\"wp-image-1201\" srcset=\"https:\/\/barotropic.fr\/wp-content\/uploads\/2023\/07\/Holcim-PRB-1024x512.jpg 1024w, https:\/\/barotropic.fr\/wp-content\/uploads\/2023\/07\/Holcim-PRB-300x150.jpg 300w, https:\/\/barotropic.fr\/wp-content\/uploads\/2023\/07\/Holcim-PRB-768x384.jpg 768w, https:\/\/barotropic.fr\/wp-content\/uploads\/2023\/07\/Holcim-PRB-416x208.jpg 416w, https:\/\/barotropic.fr\/wp-content\/uploads\/2023\/07\/Holcim-PRB.jpg 1100w\" sizes=\"auto, (max-width: 1024px) 100vw, 1024px\" \/><\/figure>\n<\/div>","protected":false},"excerpt":{"rendered":"<p>Benjamin SCHWARTZ HOLCIM PRB \u00ab\u00a0Concernant les gribs de\u00a0courants, on a appr\u00e9ci\u00e9\u00a0la r\u00e9solution des fichiers et l&rsquo;ajustement des renverses selon les conditions de vent pr\u00e9vues. Quant\u00a0\u00e0 la lourdeur des fichiers, dans la version 64bit d&rsquo;Adrena, cela n&rsquo;a pas pos\u00e9 de probl\u00e8me.\u00a0\u00bb<\/p>\n","protected":false},"author":2,"featured_media":0,"parent":1108,"menu_order":0,"comment_status":"closed","ping_status":"closed","template":"","meta":{"footnotes":""},"class_list":["post-1200","page","type-page","status-publish","hentry"],"jetpack_sharing_enabled":true,"_links":{"self":[{"href":"https:\/\/barotropic.fr\/index.php\/wp-json\/wp\/v2\/pages\/1200","targetHints":{"allow":["GET"]}}],"collection":[{"href":"https:\/\/barotropic.fr\/index.php\/wp-json\/wp\/v2\/pages"}],"about":[{"href":"https:\/\/barotropic.fr\/index.php\/wp-json\/wp\/v2\/types\/page"}],"author":[{"embeddable":true,"href":"https:\/\/barotropic.fr\/index.php\/wp-json\/wp\/v2\/users\/2"}],"replies":[{"embeddable":true,"href":"https:\/\/barotropic.fr\/index.php\/wp-json\/wp\/v2\/comments?post=1200"}],"version-history":[{"count":2,"href":"https:\/\/barotropic.fr\/index.php\/wp-json\/wp\/v2\/pages\/1200\/revisions"}],"predecessor-version":[{"id":1204,"href":"https:\/\/barotropic.fr\/index.php\/wp-json\/wp\/v2\/pages\/1200\/revisions\/1204"}],"up":[{"embeddable":true,"href":"https:\/\/barotropic.fr\/index.php\/wp-json\/wp\/v2\/pages\/1108"}],"wp:attachment":[{"href":"https:\/\/barotropic.fr\/index.php\/wp-json\/wp\/v2\/media?parent=1200"}],"curies":[{"name":"wp","href":"https:\/\/api.w.org\/{rel}","templated":true}]}}